{"id":1010,"date":"2023-05-10T14:33:54","date_gmt":"2023-05-10T17:33:54","guid":{"rendered":"https:\/\/jmimagem.com.br\/?page_id=1010"},"modified":"2024-01-16T17:03:00","modified_gmt":"2024-01-16T20:03:00","slug":"noticias","status":"publish","type":"page","link":"https:\/\/jmimagem.com.br\/index.php\/noticias\/","title":{"rendered":"Not\u00edcias"},"content":{"rendered":"\t\t<div data-elementor-type=\"wp-page\" data-elementor-id=\"1010\" class=\"elementor elementor-1010\" data-elementor-post-type=\"page\">\n\t\t\t\t\t\t<section class=\"elementor-section elementor-top-section elementor-element elementor-element-84a6af4 elementor-section-boxed elementor-section-height-default elementor-section-height-default tf-sticky-section tf-sticky-no\" data-id=\"84a6af4\" data-element_type=\"section\" data-settings=\"{&quot;tf_sticky&quot;:&quot;no&quot;}\">\n\t\t\t\t\t\t<div class=\"elementor-container elementor-column-gap-default\">\n\t\t\t\t\t<div class=\"elementor-column elementor-col-100 elementor-top-column elementor-element elementor-element-135b4f5\" data-id=\"135b4f5\" data-element_type=\"column\">\n\t\t\t<div class=\"elementor-widget-wrap elementor-element-populated\">\n\t\t\t\t\t\t<div class=\"elementor-element elementor-element-b4b8249 elementor-grid-eael-col-3 elementor-grid-tablet-eael-col-2 elementor-grid-mobile-eael-col-1 elementor-widget elementor-widget-eael-post-grid\" data-id=\"b4b8249\" data-element_type=\"widget\" data-settings=\"{&quot;eael_post_grid_columns&quot;:&quot;eael-col-3&quot;,&quot;eael_post_grid_columns_tablet&quot;:&quot;eael-col-2&quot;,&quot;eael_post_grid_columns_mobile&quot;:&quot;eael-col-1&quot;}\" data-widget_type=\"eael-post-grid.default\">\n\t\t\t\t<div class=\"elementor-widget-container\">\n\t\t\t<div id=\"eael-post-grid-b4b8249\" class=\"eael-post-grid-container\">\n            <div class=\"eael-post-grid eael-post-appender eael-post-appender-b4b8249 eael-post-grid-style-default\" data-layout-mode=\"grid\"><article class=\"eael-grid-post eael-post-grid-column\" data-id=\"1332\">\n        <div class=\"eael-grid-post-holder\">\n            <div class=\"eael-grid-post-holder-inner\"><div class=\"eael-entry-media\"><div class=\"eael-entry-overlay slide-up\"><i class=\"jki jki-plus-square-line\" aria-hidden=\"true\"><\/i><a href=\"https:\/\/jmimagem.com.br\/index.php\/2024\/03\/28\/unidade-de-saude-movel-da-jm-se-junta-ao-projeto-zera-fila-em-piracicaba\/\"><\/a><\/div><div class=\"eael-entry-thumbnail \">\n                <img fetchpriority=\"high\" decoding=\"async\" width=\"640\" height=\"480\" src=\"https:\/\/jmimagem.com.br\/wp-content\/uploads\/2024\/03\/JM-Unidade-de-Saude-Movel-Piracicaba-SP-640x480.jpg\" class=\"attachment-medium size-medium wp-image-1333\" alt=\"\" srcset=\"https:\/\/jmimagem.com.br\/wp-content\/uploads\/2024\/03\/JM-Unidade-de-Saude-Movel-Piracicaba-SP-640x480.jpg 640w, https:\/\/jmimagem.com.br\/wp-content\/uploads\/2024\/03\/JM-Unidade-de-Saude-Movel-Piracicaba-SP-1280x960.jpg 1280w, https:\/\/jmimagem.com.br\/wp-content\/uploads\/2024\/03\/JM-Unidade-de-Saude-Movel-Piracicaba-SP-768x576.jpg 768w, https:\/\/jmimagem.com.br\/wp-content\/uploads\/2024\/03\/JM-Unidade-de-Saude-Movel-Piracicaba-SP-1536x1152.jpg 1536w, https:\/\/jmimagem.com.br\/wp-content\/uploads\/2024\/03\/JM-Unidade-de-Saude-Movel-Piracicaba-SP.jpg 1600w\" sizes=\"(max-width: 640px) 100vw, 640px\" \/>\n            <\/div>\n        <\/div><div class=\"eael-entry-wrapper\"><header class=\"eael-entry-header\"><h2 class=\"eael-entry-title\"><a\n                        class=\"eael-grid-post-link\"\n                        href=\"https:\/\/jmimagem.com.br\/index.php\/2024\/03\/28\/unidade-de-saude-movel-da-jm-se-junta-ao-projeto-zera-fila-em-piracicaba\/\"\n                        title=\"Unidade de Sa\u00fade M\u00f3vel da JM se Junta ao \u201cProjeto Zera Fila\u201d em Piracicaba\">Unidade de Sa\u00fade M\u00f3vel da JM se Junta ao \u201cProjeto Zera Fila\u201d em Piracicaba<\/a><\/h2><\/header><div class=\"eael-entry-content\">\n                        <div class=\"eael-grid-post-excerpt\"><p>Unidade de Sa\u00fade M\u00f3vel da JM Diagn\u00f3sticos por Imagem ir\u00e1 ofertar mais de 12 mil...<\/p><a\n                            href=\"https:\/\/jmimagem.com.br\/index.php\/2024\/03\/28\/unidade-de-saude-movel-da-jm-se-junta-ao-projeto-zera-fila-em-piracicaba\/\"\n                            class=\"eael-post-elements-readmore-btn\">Ler mais<\/a><\/div>\n                    <\/div><\/div><\/div>\n        <\/div>\n    <\/article><article class=\"eael-grid-post eael-post-grid-column\" data-id=\"1321\">\n        <div class=\"eael-grid-post-holder\">\n            <div class=\"eael-grid-post-holder-inner\"><div class=\"eael-entry-media\"><div class=\"eael-entry-overlay slide-up\"><i class=\"jki jki-plus-square-line\" aria-hidden=\"true\"><\/i><a href=\"https:\/\/jmimagem.com.br\/index.php\/2024\/03\/07\/hospital-anjo-gabriel-completa-1-ano-com-conquista-notaveis-em-exames-de-diagnostico-por-imagem\/\"><\/a><\/div><div class=\"eael-entry-thumbnail \">\n                <img decoding=\"async\" width=\"640\" height=\"478\" src=\"https:\/\/jmimagem.com.br\/wp-content\/uploads\/2024\/03\/IMG_1157-1-640x478.jpg\" class=\"attachment-medium size-medium wp-image-1323\" alt=\"\" srcset=\"https:\/\/jmimagem.com.br\/wp-content\/uploads\/2024\/03\/IMG_1157-1-640x478.jpg 640w, https:\/\/jmimagem.com.br\/wp-content\/uploads\/2024\/03\/IMG_1157-1-1280x955.jpg 1280w, https:\/\/jmimagem.com.br\/wp-content\/uploads\/2024\/03\/IMG_1157-1-768x573.jpg 768w, https:\/\/jmimagem.com.br\/wp-content\/uploads\/2024\/03\/IMG_1157-1-1536x1147.jpg 1536w, https:\/\/jmimagem.com.br\/wp-content\/uploads\/2024\/03\/IMG_1157-1-2048x1529.jpg 2048w\" sizes=\"(max-width: 640px) 100vw, 640px\" \/>\n            <\/div>\n        <\/div><div class=\"eael-entry-wrapper\"><header class=\"eael-entry-header\"><h2 class=\"eael-entry-title\"><a\n                        class=\"eael-grid-post-link\"\n                        href=\"https:\/\/jmimagem.com.br\/index.php\/2024\/03\/07\/hospital-anjo-gabriel-completa-1-ano-com-conquista-notaveis-em-exames-de-diagnostico-por-imagem\/\"\n                        title=\"Hospital Anjo Gabriel completa 1 ano com conquista not\u00e1veis em exames de diagn\u00f3stico por imagem\">Hospital Anjo Gabriel completa 1 ano com conquista not\u00e1veis em exames de diagn\u00f3stico por imagem<\/a><\/h2><\/header><div class=\"eael-entry-content\">\n                        <div class=\"eael-grid-post-excerpt\"><p>O Hospital Municipal Anjo Gabriel, refer\u00eancia em cuidados de sa\u00fade em Mairipor\u00e3, celebrou no \u00faltimo...<\/p><a\n                            href=\"https:\/\/jmimagem.com.br\/index.php\/2024\/03\/07\/hospital-anjo-gabriel-completa-1-ano-com-conquista-notaveis-em-exames-de-diagnostico-por-imagem\/\"\n                            class=\"eael-post-elements-readmore-btn\">Ler mais<\/a><\/div>\n                    <\/div><\/div><\/div>\n        <\/div>\n    <\/article><article class=\"eael-grid-post eael-post-grid-column\" data-id=\"1316\">\n        <div class=\"eael-grid-post-holder\">\n            <div class=\"eael-grid-post-holder-inner\"><div class=\"eael-entry-media\"><div class=\"eael-entry-overlay slide-up\"><i class=\"jki jki-plus-square-line\" aria-hidden=\"true\"><\/i><a href=\"https:\/\/jmimagem.com.br\/index.php\/2024\/02\/20\/hospital-regional-de-cornelio-procopio-realiza-primeira-cirurgia-ortopedica\/\"><\/a><\/div><div class=\"eael-entry-thumbnail \">\n                <img decoding=\"async\" width=\"640\" height=\"480\" src=\"https:\/\/jmimagem.com.br\/wp-content\/uploads\/2024\/01\/Imagem-do-WhatsApp-de-2023-12-08-as-13.18.25_15e716ba-640x480.jpg\" class=\"attachment-medium size-medium wp-image-1269\" alt=\"\" srcset=\"https:\/\/jmimagem.com.br\/wp-content\/uploads\/2024\/01\/Imagem-do-WhatsApp-de-2023-12-08-as-13.18.25_15e716ba-640x480.jpg 640w, https:\/\/jmimagem.com.br\/wp-content\/uploads\/2024\/01\/Imagem-do-WhatsApp-de-2023-12-08-as-13.18.25_15e716ba-1280x960.jpg 1280w, https:\/\/jmimagem.com.br\/wp-content\/uploads\/2024\/01\/Imagem-do-WhatsApp-de-2023-12-08-as-13.18.25_15e716ba-768x576.jpg 768w, https:\/\/jmimagem.com.br\/wp-content\/uploads\/2024\/01\/Imagem-do-WhatsApp-de-2023-12-08-as-13.18.25_15e716ba-1536x1152.jpg 1536w, https:\/\/jmimagem.com.br\/wp-content\/uploads\/2024\/01\/Imagem-do-WhatsApp-de-2023-12-08-as-13.18.25_15e716ba.jpg 1600w\" sizes=\"(max-width: 640px) 100vw, 640px\" \/>\n            <\/div>\n        <\/div><div class=\"eael-entry-wrapper\"><header class=\"eael-entry-header\"><h2 class=\"eael-entry-title\"><a\n                        class=\"eael-grid-post-link\"\n                        href=\"https:\/\/jmimagem.com.br\/index.php\/2024\/02\/20\/hospital-regional-de-cornelio-procopio-realiza-primeira-cirurgia-ortopedica\/\"\n                        title=\"Hospital Regional de Corn\u00e9lio Proc\u00f3pio realiza primeira cirurgia ortop\u00e9dica\">Hospital Regional de Corn\u00e9lio Proc\u00f3pio realiza primeira cirurgia ortop\u00e9dica<\/a><\/h2><\/header><div class=\"eael-entry-content\">\n                        <div class=\"eael-grid-post-excerpt\"><p>No \u00faltimo dia 7 de fevereiro, o Hospital Regional de Corn\u00e9lio Proc\u00f3pio atingiu um marco...<\/p><a\n                            href=\"https:\/\/jmimagem.com.br\/index.php\/2024\/02\/20\/hospital-regional-de-cornelio-procopio-realiza-primeira-cirurgia-ortopedica\/\"\n                            class=\"eael-post-elements-readmore-btn\">Ler mais<\/a><\/div>\n                    <\/div><\/div><\/div>\n        <\/div>\n    <\/article><article class=\"eael-grid-post eael-post-grid-column\" data-id=\"1268\">\n        <div class=\"eael-grid-post-holder\">\n            <div class=\"eael-grid-post-holder-inner\"><div class=\"eael-entry-media\"><div class=\"eael-entry-overlay slide-up\"><i class=\"jki jki-plus-square-line\" aria-hidden=\"true\"><\/i><a href=\"https:\/\/jmimagem.com.br\/index.php\/2023\/12\/08\/jm-implementa-setor-de-diagnostico-no-hospital-regional-de-cornelio-procopio\/\"><\/a><\/div><div class=\"eael-entry-thumbnail \">\n                <img loading=\"lazy\" decoding=\"async\" width=\"640\" height=\"480\" src=\"https:\/\/jmimagem.com.br\/wp-content\/uploads\/2024\/01\/Imagem-do-WhatsApp-de-2023-12-08-as-13.18.24_ed6e237b-640x480.jpg\" class=\"attachment-medium size-medium wp-image-1270\" alt=\"\" srcset=\"https:\/\/jmimagem.com.br\/wp-content\/uploads\/2024\/01\/Imagem-do-WhatsApp-de-2023-12-08-as-13.18.24_ed6e237b-640x480.jpg 640w, https:\/\/jmimagem.com.br\/wp-content\/uploads\/2024\/01\/Imagem-do-WhatsApp-de-2023-12-08-as-13.18.24_ed6e237b-1280x960.jpg 1280w, https:\/\/jmimagem.com.br\/wp-content\/uploads\/2024\/01\/Imagem-do-WhatsApp-de-2023-12-08-as-13.18.24_ed6e237b-768x576.jpg 768w, https:\/\/jmimagem.com.br\/wp-content\/uploads\/2024\/01\/Imagem-do-WhatsApp-de-2023-12-08-as-13.18.24_ed6e237b-1536x1152.jpg 1536w, https:\/\/jmimagem.com.br\/wp-content\/uploads\/2024\/01\/Imagem-do-WhatsApp-de-2023-12-08-as-13.18.24_ed6e237b.jpg 1600w\" sizes=\"(max-width: 640px) 100vw, 640px\" \/>\n            <\/div>\n        <\/div><div class=\"eael-entry-wrapper\"><header class=\"eael-entry-header\"><h2 class=\"eael-entry-title\"><a\n                        class=\"eael-grid-post-link\"\n                        href=\"https:\/\/jmimagem.com.br\/index.php\/2023\/12\/08\/jm-implementa-setor-de-diagnostico-no-hospital-regional-de-cornelio-procopio\/\"\n                        title=\"JM implementa Setor de Diagn\u00f3stico no Hospital Regional de Corn\u00e9lio Proc\u00f3pio\">JM implementa Setor de Diagn\u00f3stico no Hospital Regional de Corn\u00e9lio Proc\u00f3pio<\/a><\/h2><\/header><div class=\"eael-entry-content\">\n                        <div class=\"eael-grid-post-excerpt\"><p>Na \u00faltima sexta-feira, 8, foi inaugurado o aguardado Hospital Regional de Corn\u00e9lio Proc\u00f3pio, marcando um...<\/p><a\n                            href=\"https:\/\/jmimagem.com.br\/index.php\/2023\/12\/08\/jm-implementa-setor-de-diagnostico-no-hospital-regional-de-cornelio-procopio\/\"\n                            class=\"eael-post-elements-readmore-btn\">Ler mais<\/a><\/div>\n                    <\/div><\/div><\/div>\n        <\/div>\n    <\/article><\/div>\n            <div class=\"clearfix\"><\/div>\n        <\/div>            <div class=\"eael-load-more-button-wrap\">\n                <button class=\"eael-load-more-button\" id=\"eael-load-more-btn-b4b8249\" data-widget-id=\"b4b8249\" data-widget=\"b4b8249\" data-page-id=\"1010\" data-template=\"{&quot;dir&quot;:&quot;lite&quot;,&quot;file_name&quot;:&quot;default.php&quot;,&quot;name&quot;:&quot;Post-Grid&quot;}\" data-class=\"Essential_Addons_Elementor\\Elements\\Post_Grid\" data-layout=\"grid\" data-page=\"1\" data-args=\"orderby=date&amp;order=desc&amp;ignore_sticky_posts=1&amp;post_status=publish&amp;posts_per_page=4&amp;offset=0&amp;post_type=post\" data-max-page=\"2\">\n                    <span class=\"eael-btn-loader button__loader\"><\/span>\n                    <span class=\"eael_load_more_text\">Carregar mais<\/span>\n                <\/button>\n            <\/div>\n            \t\t<\/div>\n\t\t\t\t<\/div>\n\t\t\t\t\t<\/div>\n\t\t<\/div>\n\t\t\t\t\t<\/div>\n\t\t<\/section>\n\t\t\t\t<section class=\"elementor-section elementor-top-section elementor-element elementor-element-3d75023 elementor-section-boxed elementor-section-height-default elementor-section-height-default tf-sticky-section tf-sticky-no\" data-id=\"3d75023\" data-element_type=\"section\" id=\"xs_blog_post_meta_info_btn\" data-settings=\"{&quot;background_background&quot;:&quot;classic&quot;,&quot;tf_sticky&quot;:&quot;no&quot;}\">\n\t\t\t\t\t\t<div class=\"elementor-container elementor-column-gap-default\">\n\t\t\t\t\t<div class=\"elementor-column elementor-col-100 elementor-top-column elementor-element elementor-element-a2b92a2\" data-id=\"a2b92a2\" data-element_type=\"column\">\n\t\t\t<div class=\"elementor-widget-wrap\">\n\t\t\t\t\t\t\t<\/div>\n\t\t<\/div>\n\t\t\t\t\t<\/div>\n\t\t<\/section>\n\t\t\t\t<\/div>\n\t\t","protected":false},"excerpt":{"rendered":"<p>JM implementa Setor de Diagn\u00f3stico no Hospital Regional de Corn\u00e9lio Proc\u00f3pio Na \u00faltima sexta-feira, 8, foi inaugurado o aguardado Hospital Regional de Corn\u00e9lio Proc\u00f3pio, marcando um&#8230; Ler mais Unidade de Sa\u00fade M\u00f3vel da JM Reduz Fila de Espera por Mamografias e Alcan\u00e7a Diversas Cidades no Outubro Rosa Ao longo do m\u00eas de outubro, a Unidade [&hellip;]<\/p>\n","protected":false},"author":1,"featured_media":0,"parent":0,"menu_order":0,"comment_status":"closed","ping_status":"closed","template":"","meta":{"_eb_attr":"","om_disable_all_campaigns":false,"_monsterinsights_skip_tracking":false,"_monsterinsights_sitenote_active":false,"_monsterinsights_sitenote_note":"","_monsterinsights_sitenote_category":0,"footnotes":""},"class_list":["post-1010","page","type-page","status-publish","hentry"],"acf":[],"aioseo_notices":[],"_links":{"self":[{"href":"https:\/\/jmimagem.com.br\/index.php\/wp-json\/wp\/v2\/pages\/1010","targetHints":{"allow":["GET"]}}],"collection":[{"href":"https:\/\/jmimagem.com.br\/index.php\/wp-json\/wp\/v2\/pages"}],"about":[{"href":"https:\/\/jmimagem.com.br\/index.php\/wp-json\/wp\/v2\/types\/page"}],"author":[{"embeddable":true,"href":"https:\/\/jmimagem.com.br\/index.php\/wp-json\/wp\/v2\/users\/1"}],"replies":[{"embeddable":true,"href":"https:\/\/jmimagem.com.br\/index.php\/wp-json\/wp\/v2\/comments?post=1010"}],"version-history":[{"count":41,"href":"https:\/\/jmimagem.com.br\/index.php\/wp-json\/wp\/v2\/pages\/1010\/revisions"}],"predecessor-version":[{"id":1310,"href":"https:\/\/jmimagem.com.br\/index.php\/wp-json\/wp\/v2\/pages\/1010\/revisions\/1310"}],"wp:attachment":[{"href":"https:\/\/jmimagem.com.br\/index.php\/wp-json\/wp\/v2\/media?parent=1010"}],"curies":[{"name":"wp","href":"https:\/\/api.w.org\/{rel}","templated":true}]}}